v*(-104)/(-39) + 3963 a composite number?
False
Let j be -1*10*6/(-12). Suppose 2*z + 2327 = p, -38*p + 11640 = -33*p - j*z. Is p a composite number?
True
Suppose 43*i + 20*i - 9283974 = 21*i. Is i composite?
False
Suppose 40 - 68 = -7*a. Suppose 4*o - 491 = -7*t + 2*t, -a*t = 2*o - 238. Is o prime?
False
Suppose -13*r = -10*r + 9. Suppose 10*l + 2 = 12*l. Is (-14344)/(-32)*(l - r) composite?
True
Suppose 5*g = 58 - 88. Is 5182/(-8)*(16 + g - 30) prime?
False
Let g be -5 + -2 + (-7)/7. Let k be (54 + g)*81/2. Let m = k - 1042. Is m a prime number?
True
Let h = -6019 + 3584. Let f = -618 - h. Is f composite?
True
Let f(x) = 2*x**3 + 2*x + 3. Let r be f(4). Let g(d) = -37*d - r*d - 1348 + 1367. Is g(-9) a prime number?
False
Let o(u) = 1156*u - 62. Let z be o(4). Let b be (-97684)/120*-4 - (-2)/(-15). Let f = z - b. Is f composite?
True
Let o(i) = 30*i**2 - i + 13. Let w be o(-6). Suppose w = 4*l - 889. Is l prime?
False
Suppose -5*n = -4*u - 313599, 0 = 106*n - 109*n + 4*u + 188153. Is n a composite number?
False
Suppose 5*u + 2 = -18, 3*u - 90 = 3*x. Let c = x + 38. Suppose -c*h + 0*p = 5*p - 4328, -3*p - 4296 = -4*h. Is h a prime number?
False
Suppose 5*l - 3*d = -2*d + 44246, 3*l - 26554 = -d. Suppose -l = -11*z - 1887. Is z a composite number?
True
Let t be 1/4 - 14/(-8). Suppose -39 = -4*f - 3*d, -f = t*f - d - 13. Suppose -11*w + f*w = -395. Is w prime?
True
Let p(o) = -o**3 + o**2 + 2*o + 7. Let t be p(-5). Suppose 0 = 20*g - 222 + 2362. Let y = t - g. Is y a prime number?
False
Is 96/288*3*-3 + (-59084)/(-2) a prime number?
False
Let x be (20/16 + -1)*20. Suppose 11664 = 5*q + x*m - 12766, 5*q + m - 24442 = 0. Is q a prime number?
True
Let s be 149/298*3*2*1. Suppose -2*u + 7565 = s*u + 2*o, -4*o - 7535 = -5*u. Is u prime?
True
Suppose -5*v + 3*f = -29, 4*f - 2*f - 11 = -v. Suppose -v = -n - 5. Suppose 2*m = -n*m + 2532. Is m composite?
True
Let v(k) = 5*k - 32. Let r be v(7). Suppose 3*q - r = 0, -6*u + 11*u = 4*q + 15301. Is u a prime number?
True
Suppose -5*g + 0 = -40. Suppose g*l - 1364 - 1108 = 0. Let k = -98 + l. Is k a composite number?
False
Suppose -844990 - 134198 = -42*b. Is b a composite number?
True
Suppose -3*l = 2*g - 15324, g - 24*l = -21*l + 7680. Suppose -3*c + v + 12611 = -g, 3*c - 20303 = -5*v. Is c prime?
True
Let i(d) = 80*d + 4. Let y be i(8). Let w = y - 421. Is w prime?
True
Let v be (-4)/42 - 1060/(-105). Is 31205/10*v/5 a prime number?
False
Let u be (2/4)/(-2 + (-485)/(-240)). Suppose -2*t = -3*q - 30, -2*t + 2*q + 2 = -u. Is (102/t)/(-3 + 850/282) a composite number?
True
Let r(d) = -10403*d + 1125. Is r(-4) prime?
True
Suppose -4496 - 980 = f. Is (-5 - 374/(-77)) + f/(-14) prime?
False
Suppose -4*v = -117*v - 4042247 + 15957306. Is v a prime number?
False
Suppose 0 = 17*m - 248985 - 188026 - 1810338. Is m a prime number?
False
Suppose -5*y - 49 = -4*b - 15, -3*b = -2*y - 8. Is -1 + 590 - (-20)/y a composite number?
False
Let l = 37 + -43. Let n be 150 + l + 1/((-2)/6). Is (-1 + 104/12)*1*n prime?
False
Let c(d) = -d**3 + 24*d**2 - 39*d - 51. Let w be c(22). Let j = 30 + w. Is j composite?
False
Let w be (20/(-8) - -3) + (-18)/(-4). Suppose r - 4*r + t = -4476, w*t + 4464 = 3*r. Let a = r + -24. Is a a prime number?
False
Let n(o) = o**3 - 5*o**2 - 15*o - 13. Let k be n(7). Let t be (-32)/(-3)*(-1845)/k. Suppose -x + t = 11*x. Is x composite?
True
Suppose j = 4*c + 48945, -12*c + 2*c = -5*j + 244715. Is j prime?
False
Let c be (-3)/(21/(-448))*(-1)/2. Let z = -28 - c. Suppose 0 = 3*y - 3, -10907 = b - z*b - 2*y. Is b a composite number?
True
Let h(v) = 5*v + 75. Let p be h(-8). Is (-26)/10 + 3 - (-40271)/p a composite number?
False
Let f = 160 + -144. Suppose 1 = f*s + 1. Suppose 5*l - 245 + 15 = s. Is l a prime number?
False
Suppose -2*j + 43196 = 4*y, 6*y - j + 32397 = 9*y. Is y a prime number?
True
Let h(c) = -c**3 + 8*c**2 + 11*c - 18. Let f be h(9). Suppose 8*y + 11521 - 34185 = f. Is y a composite number?
False
Let l(t) = t**3 + 20*t**2 - 5*t - 7. Let d(r) = 7*r + 44. Let n be d(-9). Is l(n) a composite number?
False
Let m(x) = -x**2 + 16*x - 12. Let y be m(14). Let d be 4/(y/2940) + 0. Let o = d + -292. Is o a composite number?
False
Let a(r) = -3812*r + 19. Let u be a(-5). Suppose 0 = 2*b + 5*z - u, z = 2*b + 3*z - 19064. Is b a composite number?
True
Suppose -4*u - 51 = -5*u. Let h = 53 - u. Suppose -5*a + 14433 - 3183 = -3*f, 0 = h*a - 2*f - 4496. Is a prime?
False
Let f = 3764 + -6139. Let y = f + 4908. Is y a composite number?
True
Let t be 39*(3 + 40/(-15)). Suppose 0 = 5*f - g - 24117, -5*f + 12*g - t*g + 24113 = 0. Let l = 7762 - f. Is l a prime number?
True
Let z = 3 + 15. Suppose -368 = -19*x - 4*x - 0*x. Suppose i = z + x. Is i a composite number?
True
Suppose -4*t + 580 - 2860 = 0. Suppose 56*n - 59*n = 2*w - 12638, -5*n = 5*w - 31605. Let k = w + t. Is k composite?
True
Let t(n) = 1847*n**2 + 59*n + 343. Is t(-6) composite?
True
Suppose -4*q + 5*m + 538871 - 2830 = 0, 2*q + 2*m - 268016 = 0. Is q composite?
True
Suppose -5*d - 1057042 = -6*w - 6*d, -2*w - 2*d + 352354 = 0. Is w a composite number?
True
Let x(m) = 29577*m**2 - 70*m + 135. Is x(2) a composite number?
True
Let z be 8/28*(-14)/(-2). Suppose -d + 4922 = d + z*p, -4*p - 9828 = -4*d. Is d a composite number?
False
Suppose -24*y = -25*y - 5*h + 1826, -5*h - 7229 = -4*y. Is y prime?
True
Let l(i) = 21*i**3 - 4*i**2 + 6*i + 2. Let j = 31 + -16. Suppose -7*t + j = -6. Is l(t) composite?
True
Suppose 2*d + 4 - 10 = 4*j, -15 = -4*j - 5*d. Suppose j = -p + 3, -3*p = 5*k - 0*p - 22314. Let m = 6500 - k. Is m prime?
True
Suppose p + w - 2161 = 0, 4292 = p + p - 4*w. Suppose -182 = -7*y + p. Is y composite?
True
Suppose 4*a - 330*i = -325*i + 1674247, -i = -2*a + 837113. Is a prime?
True
Suppose -173*n + 8166 = -171*n. Let s = n - 2110. Is s a composite number?
False
Let r(m) = 349*m**2 + 58*m - 871. Is r(-24) prime?
True
Suppose -6264 = -2*l + 5*p, 2*p + 1745 = l - 1388. Is l composite?
False
Suppose -100*g = -98*g - 12. Suppose -g*l + 159450 + 35352 = 0. Is l prime?
True
Let f be (5 + (-76)/(-1))/(3/376). Suppose 5073 = 2*d - y, 4*d - f = -12*y + 8*y. Is d prime?
False
Is (-36)/(-78) + (-976290)/(-78) a composite number?
False
Let i = 120580 + -74519. Is i a composite number?
False
Suppose -413873 = -6411*q + 6410*q + 471656. Is q a composite number?
False
Suppose -4*g + 28 = -0. Suppose -g - 1 = -4*d. Is (0 - -1)/(253/(-127) + d) a prime number?
True
Suppose 14*i - 12 = 15*i. Let x(w) = w**3 + 18*w**2 - 14*w - 8. Let l be x(i). Let m = l - -115. Is m prime?
False
Is (-30)/18 - (-4 + (-38422)/6) prime?
False
Suppose -349*x - 18 = -358*x. Suppose 5*a - 184843 = 6*l, 56000 = 2*a - x*l - 17936. Is a a composite number?
True
Let o(l) = 196*l**3 - 5*l**2 + 62*l + 22. Is o(7) composite?
True
Suppose -11*i + 406945 + 113014 = 0. Is i prime?
True
Let r(n) = 420*n**2 - n - 6. Let t be r(-4). Suppose -354 = 4*s + t. Let o = -269 - s. Is o composite?
False
Suppose 0 = 20*h + 66788 + 2253469 - 12373277. Is h a prime number?
True
Suppose -20*y + 3041595 - 808190 = -6660015. Is y prime?
True
Suppose 0 = 14*m - 10 - 18. Suppose 4*x = -5*l + 507, m*x = 3*l - 3*x - 319. Is l composite?
False
Suppose -15*q = -14*q + 93. Let z = q + 89. Is (z + -11508)/(-4) - 3/(-3) a prime number?
True
Let c be (-4)/3*(493668/7)/(-2). Let z = c - 25507. Is z a composite number?
True
Let l be (-47148)/8 + 3*35/(-42). Let a = -2777 - l. Is a composite?
False
Let j = 151 - -4653. Let l = j + -1535. Is l a prime number?
False
Suppose 0*r + 20 = r. Suppose -3*v - 2159 = -r*v. Is v a composite number?
False
Let d(q) = 15*q**2 + 26*q + 89. Let r be d(-15). Suppose 1018*w - r = 1016*w. Is w a prime number?
False
Is 8/104*(-4 + 227751) a composite number?
False
Let q(o) = -o**3 - 64*o**2 - 68*o + 1401. Is q(-65) a prime number?
False
Suppose 0 = 6*y - 9 - 3. Let m be -15 - 0/(2/y). Is m/9 + 1/(-3) - -1659 a composite number?
False
Suppose 0 = 21*r - 38 - 172. Suppose r*h = 21*h - 66319. Is h composite?
False
Suppose -15*w + 1111298 = -790957. Is w a composite number?
True
Suppose 505605 + 704993 = 11*n + 15657. Is n a prime number?
True
Let h(v) be the first derivative of -v**4/4 + 2*v**3 - 7*v**2/2 - 2*v + 6. Let y be h(4). Suppose -603 = -y*q - 7*q. Is q a composite numbe